{"id":9,"date":"2017-01-24T18:52:54","date_gmt":"2017-01-24T17:52:54","guid":{"rendered":"http:\/\/www.kineaywaille.be\/?page_id=9"},"modified":"2017-03-05T19:51:12","modified_gmt":"2017-03-05T18:51:12","slug":"accueil","status":"publish","type":"page","link":"https:\/\/www.kineaywaille.be\/","title":{"rendered":"Accueil"},"content":{"rendered":"<p>Nous sommes <strong><span style=\"text-decoration: underline;\">kin\u00e9sith\u00e9rapeutes ind\u00e9pendants<\/span><\/strong>, hors syst\u00e8me des maisons m\u00e9dicales, et nous sommes <strong><span style=\"text-decoration: underline;\">\u00e0 votre disposition<\/span><\/strong> sur toute la commune d&rsquo;Aywaille et environs.<\/p>\n<p>Nos <span style=\"text-decoration: underline;\"><strong>valeurs<\/strong><\/span> sont\u00a0:<\/p>\n<ul>\n<li>la libert\u00e9 du choix de son th\u00e9rapeute,<\/li>\n<li>fournir une kin\u00e9sith\u00e9rapie de qualit\u00e9,<\/li>\n<li>le souci et le respect de notre patient,<\/li>\n<li>le travail en \u00abconfiance\u00a0\u00bb avec notre patient,<\/li>\n<li>la collaboration avec le r\u00e9seau social et les autres intervenants de la sant\u00e9.<\/li>\n<\/ul>\n<p>En pratique, nous <strong><span style=\"text-decoration: underline;\">proposons\u00a0<\/span><\/strong>:<\/p>\n<ul>\n<li>de la kin\u00e9sith\u00e9rapie \u00e0 domicile et au cabinet,<\/li>\n<li>par des kin\u00e9sith\u00e9rapeutes exp\u00e9riment\u00e9s dans diff\u00e9rents domaines de comp\u00e9tence,<\/li>\n<li>une continuit\u00e9 des soins par le m\u00eame th\u00e9rapeute,<\/li>\n<li>de la flexibilit\u00e9 dans les soins et dans les horaires,<\/li>\n<li>une kin\u00e9sith\u00e9rapie curative et pr\u00e9ventive,<\/li>\n<li>des soins rembours\u00e9s de 65 \u00e0 100% selon votre situation.<\/li>\n<\/ul>\n<p>Vous trouverez sur ce site les <span style=\"text-decoration: underline;\"><strong>r\u00e9f\u00e9rences des kin\u00e9s<\/strong><\/span>:<\/p>\n<hr \/>\n<h4 style=\"text-align: left;\"><strong>\u00a0 \u00a0 \u00a0 \u00a0 \u00a0 \u00a0 \u00a0 \u00a0 <span style=\"text-decoration: underline;\">LISTE DES\u00a0KIN\u00c9S<\/span> \u00a0 \u00a0 \u00a0 \u00a0 \u00a0 \u00a0 \u00a0 \u00a0 \u00a0 \u00a0 <span style=\"text-decoration: underline;\">CARTE DES KIN\u00c9S<\/span><\/strong><\/h4>\n<h6>\u00a0 \u00a0 \u00a0 \u00a0 \u00a0 \u00a0 \u00a0 \u00a0 \u00a0 \u00a0<a href=\"http:\/\/www.kineaywaille.be\/index.php\/liste-kines-a-aywaille\/\"><img loading=\"lazy\" decoding=\"async\" data-attachment-id=\"148\" data-permalink=\"https:\/\/www.kineaywaille.be\/index.php\/2017\/01\/30\/149\/liste\/\" data-orig-file=\"https:\/\/i0.wp.com\/www.kineaywaille.be\/wp-content\/uploads\/2017\/01\/liste.jpg?fit=256%2C256&amp;ssl=1\" data-orig-size=\"256,256\" data-comments-opened=\"1\" data-image-meta=\"{&quot;aperture&quot;:&quot;0&quot;,&quot;credit&quot;:&quot;&quot;,&quot;camera&quot;:&quot;&quot;,&quot;caption&quot;:&quot;&quot;,&quot;created_timestamp&quot;:&quot;0&quot;,&quot;copyright&quot;:&quot;&quot;,&quot;focal_length&quot;:&quot;0&quot;,&quot;iso&quot;:&quot;0&quot;,&quot;shutter_speed&quot;:&quot;0&quot;,&quot;title&quot;:&quot;&quot;,&quot;orientation&quot;:&quot;0&quot;}\" data-image-title=\"liste\" data-image-description=\"\" data-image-caption=\"\" data-medium-file=\"https:\/\/i0.wp.com\/www.kineaywaille.be\/wp-content\/uploads\/2017\/01\/liste.jpg?fit=256%2C256&amp;ssl=1\" data-large-file=\"https:\/\/i0.wp.com\/www.kineaywaille.be\/wp-content\/uploads\/2017\/01\/liste.jpg?fit=256%2C256&amp;ssl=1\" class=\"size-thumbnail wp-image-148 alignnone\" src=\"https:\/\/i0.wp.com\/www.kineaywaille.be\/wp-content\/uploads\/2017\/01\/liste.jpg?resize=150%2C150\" alt=\"\" width=\"150\" height=\"150\" srcset=\"https:\/\/i0.wp.com\/www.kineaywaille.be\/wp-content\/uploads\/2017\/01\/liste.jpg?resize=150%2C150&amp;ssl=1 150w, https:\/\/i0.wp.com\/www.kineaywaille.be\/wp-content\/uploads\/2017\/01\/liste.jpg?resize=100%2C100&amp;ssl=1 100w, https:\/\/i0.wp.com\/www.kineaywaille.be\/wp-content\/uploads\/2017\/01\/liste.jpg?w=256&amp;ssl=1 256w\" sizes=\"auto, (max-width: 150px) 100vw, 150px\" data-recalc-dims=\"1\" \/><\/a>\u00a0 \u00a0 \u00a0 \u00a0 \u00a0 \u00a0 \u00a0 \u00a0 \u00a0 \u00a0 \u00a0 \u00a0 \u00a0\u00a0<a href=\"http:\/\/www.kineaywaille.be\/index.php\/carte-des-kinesitherapeutes-aywaille\/\"><img loading=\"lazy\" decoding=\"async\" data-attachment-id=\"147\" data-permalink=\"https:\/\/www.kineaywaille.be\/index.php\/2017\/01\/30\/carte-des-kines\/carte\/\" data-orig-file=\"https:\/\/i0.wp.com\/www.kineaywaille.be\/wp-content\/uploads\/2017\/01\/carte.jpg?fit=297%2C300&amp;ssl=1\" data-orig-size=\"297,300\" data-comments-opened=\"1\" data-image-meta=\"{&quot;aperture&quot;:&quot;0&quot;,&quot;credit&quot;:&quot;&quot;,&quot;camera&quot;:&quot;&quot;,&quot;caption&quot;:&quot;&quot;,&quot;created_timestamp&quot;:&quot;0&quot;,&quot;copyright&quot;:&quot;&quot;,&quot;focal_length&quot;:&quot;0&quot;,&quot;iso&quot;:&quot;0&quot;,&quot;shutter_speed&quot;:&quot;0&quot;,&quot;title&quot;:&quot;&quot;,&quot;orientation&quot;:&quot;0&quot;}\" data-image-title=\"carte\" data-image-description=\"\" data-image-caption=\"\" data-medium-file=\"https:\/\/i0.wp.com\/www.kineaywaille.be\/wp-content\/uploads\/2017\/01\/carte.jpg?fit=297%2C300&amp;ssl=1\" data-large-file=\"https:\/\/i0.wp.com\/www.kineaywaille.be\/wp-content\/uploads\/2017\/01\/carte.jpg?fit=297%2C300&amp;ssl=1\" class=\"alignnone size-thumbnail wp-image-147\" src=\"https:\/\/i0.wp.com\/www.kineaywaille.be\/wp-content\/uploads\/2017\/01\/carte.jpg?resize=150%2C150\" alt=\"\" width=\"150\" height=\"150\" srcset=\"https:\/\/i0.wp.com\/www.kineaywaille.be\/wp-content\/uploads\/2017\/01\/carte.jpg?resize=150%2C150&amp;ssl=1 150w, https:\/\/i0.wp.com\/www.kineaywaille.be\/wp-content\/uploads\/2017\/01\/carte.jpg?resize=100%2C101&amp;ssl=1 100w\" sizes=\"auto, (max-width: 150px) 100vw, 150px\" data-recalc-dims=\"1\" \/><\/a><\/h6>\n<p>&nbsp;<\/p>\n","protected":false},"excerpt":{"rendered":"<p>Nous sommes kin\u00e9sith\u00e9rapeutes ind\u00e9pendants, hors syst\u00e8me des maisons m\u00e9dicales, et nous sommes \u00e0 votre disposition sur toute la commune d&rsquo;Aywaille et environs. Nos valeurs sont\u00a0: la libert\u00e9 du choix de [&hellip;]<\/p>\n","protected":false},"author":3,"featured_media":0,"parent":0,"menu_order":0,"comment_status":"closed","ping_status":"closed","template":"page_fullwidth.php","meta":{"jetpack_post_was_ever_published":false,"footnotes":""},"class_list":["post-9","page","type-page","status-publish","hentry"],"yoast_head":"<!-- This site is optimized with the Yoast SEO plugin v20.8 - https:\/\/yoast.com\/wordpress\/plugins\/seo\/ -->\n<title>Accueil - Les kin\u00e9sith\u00e9rapeutes d&#039;Aywaille<\/title>\n<meta name=\"description\" content=\"Nous sommes kin\u00e9sith\u00e9rapeutes ind\u00e9pendants, hors syst\u00e8me des maisons m\u00e9dicales, et nous sommes \u00e0 votre disposition \u00e0 Aywaille et environs.\" \/>\n<meta name=\"robots\" content=\"index, follow, max-snippet:-1, max-image-preview:large, max-video-preview:-1\" \/>\n<link rel=\"canonical\" href=\"https:\/\/www.kineaywaille.be\/\" \/>\n<meta property=\"og:locale\" content=\"fr_FR\" \/>\n<meta property=\"og:type\" content=\"article\" \/>\n<meta property=\"og:title\" content=\"Accueil - Les kin\u00e9sith\u00e9rapeutes d&#039;Aywaille\" \/>\n<meta property=\"og:description\" content=\"Nous sommes kin\u00e9sith\u00e9rapeutes ind\u00e9pendants, hors syst\u00e8me des maisons m\u00e9dicales, et nous sommes \u00e0 votre disposition \u00e0 Aywaille et environs.\" \/>\n<meta property=\"og:url\" content=\"https:\/\/www.kineaywaille.be\/\" \/>\n<meta property=\"og:site_name\" content=\"Les kin\u00e9sith\u00e9rapeutes d&#039;Aywaille\" \/>\n<meta property=\"article:modified_time\" content=\"2017-03-05T18:51:12+00:00\" \/>\n<meta property=\"og:image\" content=\"http:\/\/www.kineaywaille.be\/wp-content\/uploads\/2017\/01\/liste-150x150.jpg\" \/>\n<meta name=\"twitter:card\" content=\"summary_large_image\" \/>\n<meta name=\"twitter:label1\" content=\"Dur\u00e9e de lecture estim\u00e9e\" \/>\n\t<meta name=\"twitter:data1\" content=\"1 minute\" \/>\n<script type=\"application\/ld+json\" class=\"yoast-schema-graph\">{\"@context\":\"https:\/\/schema.org\",\"@graph\":[{\"@type\":\"WebPage\",\"@id\":\"https:\/\/www.kineaywaille.be\/\",\"url\":\"https:\/\/www.kineaywaille.be\/\",\"name\":\"Accueil - Les kin\u00e9sith\u00e9rapeutes d&#039;Aywaille\",\"isPartOf\":{\"@id\":\"https:\/\/www.kineaywaille.be\/#website\"},\"datePublished\":\"2017-01-24T17:52:54+00:00\",\"dateModified\":\"2017-03-05T18:51:12+00:00\",\"description\":\"Nous sommes kin\u00e9sith\u00e9rapeutes ind\u00e9pendants, hors syst\u00e8me des maisons m\u00e9dicales, et nous sommes \u00e0 votre disposition \u00e0 Aywaille et environs.\",\"breadcrumb\":{\"@id\":\"https:\/\/www.kineaywaille.be\/#breadcrumb\"},\"inLanguage\":\"fr-FR\",\"potentialAction\":[{\"@type\":\"ReadAction\",\"target\":[\"https:\/\/www.kineaywaille.be\/\"]}]},{\"@type\":\"BreadcrumbList\",\"@id\":\"https:\/\/www.kineaywaille.be\/#breadcrumb\",\"itemListElement\":[{\"@type\":\"ListItem\",\"position\":1,\"name\":\"Accueil\",\"item\":\"https:\/\/www.kineaywaille.be\/\"},{\"@type\":\"ListItem\",\"position\":2,\"name\":\"Accueil\"}]},{\"@type\":\"WebSite\",\"@id\":\"https:\/\/www.kineaywaille.be\/#website\",\"url\":\"https:\/\/www.kineaywaille.be\/\",\"name\":\"Les kin\u00e9sith\u00e9rapeutes d&#039;Aywaille\",\"description\":\"Des professionnels de la sant\u00e9 \u00e0 votre service\",\"potentialAction\":[{\"@type\":\"SearchAction\",\"target\":{\"@type\":\"EntryPoint\",\"urlTemplate\":\"https:\/\/www.kineaywaille.be\/?s={search_term_string}\"},\"query-input\":\"required name=search_term_string\"}],\"inLanguage\":\"fr-FR\"}]}<\/script>\n<!-- \/ Yoast SEO plugin. -->","yoast_head_json":{"title":"Accueil - Les kin\u00e9sith\u00e9rapeutes d&#039;Aywaille","description":"Nous sommes kin\u00e9sith\u00e9rapeutes ind\u00e9pendants, hors syst\u00e8me des maisons m\u00e9dicales, et nous sommes \u00e0 votre disposition \u00e0 Aywaille et environs.","robots":{"index":"index","follow":"follow","max-snippet":"max-snippet:-1","max-image-preview":"max-image-preview:large","max-video-preview":"max-video-preview:-1"},"canonical":"https:\/\/www.kineaywaille.be\/","og_locale":"fr_FR","og_type":"article","og_title":"Accueil - Les kin\u00e9sith\u00e9rapeutes d&#039;Aywaille","og_description":"Nous sommes kin\u00e9sith\u00e9rapeutes ind\u00e9pendants, hors syst\u00e8me des maisons m\u00e9dicales, et nous sommes \u00e0 votre disposition \u00e0 Aywaille et environs.","og_url":"https:\/\/www.kineaywaille.be\/","og_site_name":"Les kin\u00e9sith\u00e9rapeutes d&#039;Aywaille","article_modified_time":"2017-03-05T18:51:12+00:00","og_image":[{"url":"http:\/\/www.kineaywaille.be\/wp-content\/uploads\/2017\/01\/liste-150x150.jpg"}],"twitter_card":"summary_large_image","twitter_misc":{"Dur\u00e9e de lecture estim\u00e9e":"1 minute"},"schema":{"@context":"https:\/\/schema.org","@graph":[{"@type":"WebPage","@id":"https:\/\/www.kineaywaille.be\/","url":"https:\/\/www.kineaywaille.be\/","name":"Accueil - Les kin\u00e9sith\u00e9rapeutes d&#039;Aywaille","isPartOf":{"@id":"https:\/\/www.kineaywaille.be\/#website"},"datePublished":"2017-01-24T17:52:54+00:00","dateModified":"2017-03-05T18:51:12+00:00","description":"Nous sommes kin\u00e9sith\u00e9rapeutes ind\u00e9pendants, hors syst\u00e8me des maisons m\u00e9dicales, et nous sommes \u00e0 votre disposition \u00e0 Aywaille et environs.","breadcrumb":{"@id":"https:\/\/www.kineaywaille.be\/#breadcrumb"},"inLanguage":"fr-FR","potentialAction":[{"@type":"ReadAction","target":["https:\/\/www.kineaywaille.be\/"]}]},{"@type":"BreadcrumbList","@id":"https:\/\/www.kineaywaille.be\/#breadcrumb","itemListElement":[{"@type":"ListItem","position":1,"name":"Accueil","item":"https:\/\/www.kineaywaille.be\/"},{"@type":"ListItem","position":2,"name":"Accueil"}]},{"@type":"WebSite","@id":"https:\/\/www.kineaywaille.be\/#website","url":"https:\/\/www.kineaywaille.be\/","name":"Les kin\u00e9sith\u00e9rapeutes d&#039;Aywaille","description":"Des professionnels de la sant\u00e9 \u00e0 votre service","potentialAction":[{"@type":"SearchAction","target":{"@type":"EntryPoint","urlTemplate":"https:\/\/www.kineaywaille.be\/?s={search_term_string}"},"query-input":"required name=search_term_string"}],"inLanguage":"fr-FR"}]}},"jetpack_sharing_enabled":true,"jetpack_shortlink":"https:\/\/wp.me\/P8kv26-9","jetpack-related-posts":[{"id":236,"url":"https:\/\/www.kineaywaille.be\/index.php\/charles-laval\/","url_meta":{"origin":9,"position":0},"title":"Charles LAVAL","date":"24 f\u00e9vrier 2017","format":false,"excerpt":"SPECIALISATIONS EN KINESITHERAPIE:\u00a0 Kin\u00e9sith\u00e9rapie g\u00e9n\u00e9rale, Post-op\u00e9ratoire, Pathologies chroniques et sportives, Osth\u00e9opathie, Ondes de choc. AUTRES COMPETENCES: \u00a0Prise en charge clinique du coureur \u00e0 pied d\u00e9butant et exp\u00e9riment\u00e9 selon la m\u00e9thodologie de la \u00a8Clinique du coureur\u00a8 PRISE EN CHARGE: \u00a0Au\u00a0Cabinet et \u00e0 Domicile CONTACT: T\u00e9l.: +32(0)4-384.79.95 GSM: +32(0)495\/18.23.38 Email: charleslaval8@gmail.com Web:\u00a0charleslaval.com\u2026","rel":"","context":"Article similaire","img":{"alt_text":"","src":"","width":0,"height":0},"classes":[]},{"id":47,"url":"https:\/\/www.kineaywaille.be\/index.php\/liste-kines-a-aywaille\/","url_meta":{"origin":9,"position":1},"title":"Liste des kin\u00e9s Aywaille","date":"24 janvier 2017","format":false,"excerpt":"Liste des kin\u00e9sith\u00e9rapeutes actifs dans les environs d'Aywaille, class\u00e9s par ordre alphab\u00e9tique.","rel":"","context":"Article similaire","img":{"alt_text":"","src":"","width":0,"height":0},"classes":[]},{"id":132,"url":"https:\/\/www.kineaywaille.be\/index.php\/carte-des-kinesitherapeutes-aywaille\/","url_meta":{"origin":9,"position":2},"title":"Carte des kin\u00e9s d&rsquo;Aywaille","date":"30 janvier 2017","format":false,"excerpt":"Trouvez les coordonn\u00e9es des Kin\u00e9sith\u00e9rapeutes actifs dans les environs d'Aywaille en fonction \u00a0de leur localisation et de leurs sp\u00e9cialit\u00e9s respectives.","rel":"","context":"Article similaire","img":{"alt_text":"","src":"","width":0,"height":0},"classes":[]},{"id":230,"url":"https:\/\/www.kineaywaille.be\/index.php\/pascale-grenson\/","url_meta":{"origin":9,"position":3},"title":"Pascale GRENSON","date":"24 f\u00e9vrier 2017","format":false,"excerpt":"SPECIALISATIONS EN KINESITHERAPIE:\u00a0 Kin\u00e9sith\u00e9rapie g\u00e9n\u00e9rale et sportive, Cha\u00eenes musculaires, Drainage lymphatique uro-gyn\u00e9cologie et coloproctologie, Pr\u00e9 et post- natale, Kin\u00e9sith\u00e9rapie respiratoire, AUTRES COMPETENCES: \u00a0Sophrologie, Endermologie, Ondes de choc. PRISE EN CHARGE: \u00a0Au\u00a0Cabinet et \u00e0 Domicile CONTACT: T\u00e9l.: +32(0)4-384.76.83 HORAIRES: \u00a0Sur rendez-vous Adresse du cabinet: \u00a0Rue des Ardennes, 98 - 4920\u00a0Harz\u00e9","rel":"","context":"Article similaire","img":{"alt_text":"","src":"","width":0,"height":0},"classes":[]},{"id":210,"url":"https:\/\/www.kineaywaille.be\/index.php\/bottin-sandrine\/","url_meta":{"origin":9,"position":4},"title":"Sandrine BOTTIN","date":"24 f\u00e9vrier 2017","format":false,"excerpt":"SPECIALISATIONS EN KINESITHERAPIE:\u00a0 Kin\u00e9sith\u00e9rapie g\u00e9n\u00e9rale et sportive, Cha\u00eenes musculaires, Drainage lymphatique, Kin\u00e9sith\u00e9rapie respiratoire, Endermologie. PRISE EN CHARGE: \u00a0Au\u00a0Cabinet et \u00e0 Domicile CONTACT: T\u00e9l. +32(0)4-384.76.83 HORAIRES: \u00a0Sur rendez-vous Adresse du cabinet: \u00a0Rue des Ardennes, 98 - 4920 Harz\u00e9","rel":"","context":"Article similaire","img":{"alt_text":"","src":"","width":0,"height":0},"classes":[]},{"id":340,"url":"https:\/\/www.kineaywaille.be\/index.php\/laura-defosse\/","url_meta":{"origin":9,"position":5},"title":"Laura DEFOSS\u00c9","date":"17 avril 2017","format":false,"excerpt":"SPECIALISATIONS EN KINESITHERAPIE:\u00a0 Kin\u00e9sith\u00e9rapie g\u00e9n\u00e9rale,\u00a0 Sp\u00e9cialisation en LPG (traitement des cicatrices et des probl\u00e8mes vasculaires). PRISE EN CHARGE: \u00a0Au\u00a0Cabinet\u00a0 CONTACT: GSM: +32(0)473\/39.79.46 Email: lauradefosse@hotmail.com HORAIRES: \u00a0Sur rendez-vous. Adresse du cabinet: \u00a0Avenue Louis Libert, 26 - 4920 Aywaille","rel":"","context":"Article similaire","img":{"alt_text":"","src":"","width":0,"height":0},"classes":[]}],"_links":{"self":[{"href":"https:\/\/www.kineaywaille.be\/index.php\/wp-json\/wp\/v2\/pages\/9","targetHints":{"allow":["GET"]}}],"collection":[{"href":"https:\/\/www.kineaywaille.be\/index.php\/wp-json\/wp\/v2\/pages"}],"about":[{"href":"https:\/\/www.kineaywaille.be\/index.php\/wp-json\/wp\/v2\/types\/page"}],"author":[{"embeddable":true,"href":"https:\/\/www.kineaywaille.be\/index.php\/wp-json\/wp\/v2\/users\/3"}],"replies":[{"embeddable":true,"href":"https:\/\/www.kineaywaille.be\/index.php\/wp-json\/wp\/v2\/comments?post=9"}],"version-history":[{"count":16,"href":"https:\/\/www.kineaywaille.be\/index.php\/wp-json\/wp\/v2\/pages\/9\/revisions"}],"predecessor-version":[{"id":139,"href":"https:\/\/www.kineaywaille.be\/index.php\/wp-json\/wp\/v2\/pages\/9\/revisions\/139"}],"wp:attachment":[{"href":"https:\/\/www.kineaywaille.be\/index.php\/wp-json\/wp\/v2\/media?parent=9"}],"curies":[{"name":"wp","href":"https:\/\/api.w.org\/{rel}","templated":true}]}}