{"id":132,"date":"2017-01-30T22:07:07","date_gmt":"2017-01-30T21:07:07","guid":{"rendered":"http:\/\/www.kineaywaille.be\/?page_id=132"},"modified":"2017-03-05T14:20:28","modified_gmt":"2017-03-05T13:20:28","slug":"carte-des-kinesitherapeutes-aywaille","status":"publish","type":"page","link":"https:\/\/www.kineaywaille.be\/index.php\/carte-des-kinesitherapeutes-aywaille\/","title":{"rendered":"Carte des kin\u00e9s d&rsquo;Aywaille"},"content":{"rendered":"<p>Trouvez les coordonn\u00e9es des Kin\u00e9sith\u00e9rapeutes actifs dans les environs d&rsquo;Aywaille en fonction \u00a0de leur localisation et de leurs sp\u00e9cialit\u00e9s respectives.<\/p>\n\r\n            <style type=\"text\/css\">\r\n            #easy2map_canvas_1 img {\r\n                max-width: none !important;\r\n                border-radius: 0px !important;\r\n                box-shadow: 0 0 0 transparent !important;\r\n            } \r\n            \r\n            #tdMap{\r\n                 border-top: 0px solid #ddd !important;\r\n            }\r\n            \r\n            #tdPinList{\r\n                 border-top: 0px solid #ddd !important;\r\n            }\r\n\r\n            #easy2map_canvas_1 table,td {\r\n              margin: -1.5em 0 !important;\r\n              padding: 0px !important;\r\n            }\r\n            #tblEasy2MapPinList td, tr{border-width:0px;}\r\n            #tblEasy2MapPinList td{padding:3px !important;}\r\n            #tblEasy2MapPinList{border-width:0px;}\r\n            #tblEasy2MapPinList img {max-width: none !important;border-radius: 0px !important;border-width:0px;box-shadow: 0 0 0 transparent !important;}\r\n            \r\n            #tblEasy2MapPinList1 td, tr{border-width:0px;}\r\n            #tblEasy2MapPinList1 td{padding:3px !important;}\r\n            #tblEasy2MapPinList1{border-width:0px;}\r\n            #tblEasy2MapPinList1 img {max-width: none !important;border-radius: 0px !important;border-width:0px;box-shadow: 0 0 0 transparent !important;}\r\n            \r\n            #tblEasy2MapPinList2 td, tr{border-width:0px;}\r\n            #tblEasy2MapPinList2 td{padding:3px !important;}\r\n            #tblEasy2MapPinList2{border-width:0px;}\r\n            #tblEasy2MapPinList2 img {max-width: none !important;border-radius: 0px !important;border-width:0px;box-shadow: 0 0 0 transparent !important;}\r\n            \r\n            #tblEasy2MapPinList3 td, tr{border-width:0px;}\r\n            #tblEasy2MapPinList3 td{padding:3px !important;}\r\n            #tblEasy2MapPinList3{border-width:0px;}\r\n            #tblEasy2MapPinList3 img {max-width: none !important;border-radius: 0px !important;border-width:0px;box-shadow: 0 0 0 transparent !important;}\r\n            \r\n            #tblEasy2MapPinList4 td, tr{border-width:0px;}\r\n            #tblEasy2MapPinList4 td{padding:3px !important;}\r\n            #tblEasy2MapPinList4{border-width:0px;}\r\n            #tblEasy2MapPinList4 img {max-width: none !important;border-radius: 0px !important;border-width:0px;box-shadow: 0 0 0 transparent !important;}\r\n            \r\n\r\n            #ulEasy2MapPinList li{\r\n                border-width:0px;\r\n                padding:3px !important;\r\n            }\r\n\r\n            #ulEasy2MapPinList{\r\n                border-width:0px;\r\n            }\r\n            \r\n             #ulEasy2MapPinList img {\r\n                max-width: none !important;\r\n                border-radius: 0px !important;\r\n                border-width:0px;\r\n                box-shadow: 0 0 0 transparent !important;\r\n            }\r\n            \r\n            #ulEasy2MapPinList table, td, tr{\r\n                border-width:0px;\r\n            }\r\n            #ulEasy2MapPinList td{\r\n                padding:3px !important;\r\n            }\r\n            #ulEasy2MapPinList td{\r\n                border-width:0px;\r\n            }\r\n            \r\n            #easy2mapIimgShadow{\r\n            max-width: none !important;\r\n                border-radius: 0px !important;\r\n                border-width:0px;\r\n                box-shadow: 0 0 0 transparent !important;\r\n            }\r\n\r\n            <\/style><input type=\"hidden\" id=\"easy2map_ajax_url_1\" value=\"https:\/\/www.kineaywaille.be\/wp-admin\/admin-ajax.php\"><div style=\"margin:auto;\"><table id=\"easy2map_canvas_1Parent\" style=\"background-color: rgb(255, 255, 255); border-style: solid; border-width: 1px; border-color: rgb(235, 235, 235); width: 960px; height: 960px; margin-left: auto; margin-right: auto;\" cellspacing=\"1\" cellpadding=\"1\"><tbody><tr><td id=\"tdMap\" editable=\"0\" style=\"vertical-align:top;\"><div id=\"easy2map_canvas_1\" style=\"background-color: rgb(235, 235, 235); border-style: solid; border-width: 1px; border-color: transparent; top: 0px; left: 0px; min-width: 10px; margin: 5px; position: relative; height: 960px; overflow: hidden;\"><\/div><\/td><\/tr><\/tbody><\/table><\/div>\n","protected":false},"excerpt":{"rendered":"<p>Trouvez les coordonn\u00e9es des Kin\u00e9sith\u00e9rapeutes actifs dans les environs d&rsquo;Aywaille en fonction \u00a0de leur localisation et de leurs sp\u00e9cialit\u00e9s respectives.<\/p>\n","protected":false},"author":3,"featured_media":0,"parent":0,"menu_order":0,"comment_status":"closed","ping_status":"closed","template":"page_fullwidth.php","meta":{"jetpack_post_was_ever_published":false,"footnotes":""},"class_list":["post-132","page","type-page","status-publish","hentry"],"yoast_head":"<!-- This site is optimized with the Yoast SEO plugin v20.8 - https:\/\/yoast.com\/wordpress\/plugins\/seo\/ -->\n<title>Carte des kin\u00e9s d&#039;Aywaille - Les kin\u00e9sith\u00e9rapeutes d&#039;Aywaille<\/title>\n<meta name=\"description\" content=\"Trouvez les coordonn\u00e9es des Kin\u00e9sith\u00e9rapeutes actifs dans les environs d&#039;Aywaille en fonction de leur localisation et de leurs sp\u00e9cialit\u00e9s respectives.\" \/>\n<meta name=\"robots\" content=\"index, follow, max-snippet:-1, max-image-preview:large, max-video-preview:-1\" \/>\n<link rel=\"canonical\" href=\"https:\/\/www.kineaywaille.be\/index.php\/carte-des-kinesitherapeutes-aywaille\/\" \/>\n<meta property=\"og:locale\" content=\"fr_FR\" \/>\n<meta property=\"og:type\" content=\"article\" \/>\n<meta property=\"og:title\" content=\"Carte des kin\u00e9s d&#039;Aywaille - Les kin\u00e9sith\u00e9rapeutes d&#039;Aywaille\" \/>\n<meta property=\"og:description\" content=\"Trouvez les coordonn\u00e9es des Kin\u00e9sith\u00e9rapeutes actifs dans les environs d&#039;Aywaille en fonction de leur localisation et de leurs sp\u00e9cialit\u00e9s respectives.\" \/>\n<meta property=\"og:url\" content=\"https:\/\/www.kineaywaille.be\/index.php\/carte-des-kinesitherapeutes-aywaille\/\" \/>\n<meta property=\"og:site_name\" content=\"Les kin\u00e9sith\u00e9rapeutes d&#039;Aywaille\" \/>\n<meta property=\"article:modified_time\" content=\"2017-03-05T13:20:28+00:00\" \/>\n<meta name=\"twitter:card\" content=\"summary_large_image\" \/>\n<script type=\"application\/ld+json\" class=\"yoast-schema-graph\">{\"@context\":\"https:\/\/schema.org\",\"@graph\":[{\"@type\":\"WebPage\",\"@id\":\"https:\/\/www.kineaywaille.be\/index.php\/carte-des-kinesitherapeutes-aywaille\/\",\"url\":\"https:\/\/www.kineaywaille.be\/index.php\/carte-des-kinesitherapeutes-aywaille\/\",\"name\":\"Carte des kin\u00e9s d'Aywaille - Les kin\u00e9sith\u00e9rapeutes d&#039;Aywaille\",\"isPartOf\":{\"@id\":\"https:\/\/www.kineaywaille.be\/#website\"},\"datePublished\":\"2017-01-30T21:07:07+00:00\",\"dateModified\":\"2017-03-05T13:20:28+00:00\",\"description\":\"Trouvez les coordonn\u00e9es des Kin\u00e9sith\u00e9rapeutes actifs dans les environs d'Aywaille en fonction de leur localisation et de leurs sp\u00e9cialit\u00e9s respectives.\",\"breadcrumb\":{\"@id\":\"https:\/\/www.kineaywaille.be\/index.php\/carte-des-kinesitherapeutes-aywaille\/#breadcrumb\"},\"inLanguage\":\"fr-FR\",\"potentialAction\":[{\"@type\":\"ReadAction\",\"target\":[\"https:\/\/www.kineaywaille.be\/index.php\/carte-des-kinesitherapeutes-aywaille\/\"]}]},{\"@type\":\"BreadcrumbList\",\"@id\":\"https:\/\/www.kineaywaille.be\/index.php\/carte-des-kinesitherapeutes-aywaille\/#breadcrumb\",\"itemListElement\":[{\"@type\":\"ListItem\",\"position\":1,\"name\":\"Accueil\",\"item\":\"https:\/\/www.kineaywaille.be\/\"},{\"@type\":\"ListItem\",\"position\":2,\"name\":\"Carte des kin\u00e9s d&rsquo;Aywaille\"}]},{\"@type\":\"WebSite\",\"@id\":\"https:\/\/www.kineaywaille.be\/#website\",\"url\":\"https:\/\/www.kineaywaille.be\/\",\"name\":\"Les kin\u00e9sith\u00e9rapeutes d&#039;Aywaille\",\"description\":\"Des professionnels de la sant\u00e9 \u00e0 votre service\",\"potentialAction\":[{\"@type\":\"SearchAction\",\"target\":{\"@type\":\"EntryPoint\",\"urlTemplate\":\"https:\/\/www.kineaywaille.be\/?s={search_term_string}\"},\"query-input\":\"required name=search_term_string\"}],\"inLanguage\":\"fr-FR\"}]}<\/script>\n<!-- \/ Yoast SEO plugin. -->","yoast_head_json":{"title":"Carte des kin\u00e9s d'Aywaille - Les kin\u00e9sith\u00e9rapeutes d&#039;Aywaille","description":"Trouvez les coordonn\u00e9es des Kin\u00e9sith\u00e9rapeutes actifs dans les environs d'Aywaille en fonction de leur localisation et de leurs sp\u00e9cialit\u00e9s respectives.","robots":{"index":"index","follow":"follow","max-snippet":"max-snippet:-1","max-image-preview":"max-image-preview:large","max-video-preview":"max-video-preview:-1"},"canonical":"https:\/\/www.kineaywaille.be\/index.php\/carte-des-kinesitherapeutes-aywaille\/","og_locale":"fr_FR","og_type":"article","og_title":"Carte des kin\u00e9s d'Aywaille - Les kin\u00e9sith\u00e9rapeutes d&#039;Aywaille","og_description":"Trouvez les coordonn\u00e9es des Kin\u00e9sith\u00e9rapeutes actifs dans les environs d'Aywaille en fonction de leur localisation et de leurs sp\u00e9cialit\u00e9s respectives.","og_url":"https:\/\/www.kineaywaille.be\/index.php\/carte-des-kinesitherapeutes-aywaille\/","og_site_name":"Les kin\u00e9sith\u00e9rapeutes d&#039;Aywaille","article_modified_time":"2017-03-05T13:20:28+00:00","twitter_card":"summary_large_image","schema":{"@context":"https:\/\/schema.org","@graph":[{"@type":"WebPage","@id":"https:\/\/www.kineaywaille.be\/index.php\/carte-des-kinesitherapeutes-aywaille\/","url":"https:\/\/www.kineaywaille.be\/index.php\/carte-des-kinesitherapeutes-aywaille\/","name":"Carte des kin\u00e9s d'Aywaille - Les kin\u00e9sith\u00e9rapeutes d&#039;Aywaille","isPartOf":{"@id":"https:\/\/www.kineaywaille.be\/#website"},"datePublished":"2017-01-30T21:07:07+00:00","dateModified":"2017-03-05T13:20:28+00:00","description":"Trouvez les coordonn\u00e9es des Kin\u00e9sith\u00e9rapeutes actifs dans les environs d'Aywaille en fonction de leur localisation et de leurs sp\u00e9cialit\u00e9s respectives.","breadcrumb":{"@id":"https:\/\/www.kineaywaille.be\/index.php\/carte-des-kinesitherapeutes-aywaille\/#breadcrumb"},"inLanguage":"fr-FR","potentialAction":[{"@type":"ReadAction","target":["https:\/\/www.kineaywaille.be\/index.php\/carte-des-kinesitherapeutes-aywaille\/"]}]},{"@type":"BreadcrumbList","@id":"https:\/\/www.kineaywaille.be\/index.php\/carte-des-kinesitherapeutes-aywaille\/#breadcrumb","itemListElement":[{"@type":"ListItem","position":1,"name":"Accueil","item":"https:\/\/www.kineaywaille.be\/"},{"@type":"ListItem","position":2,"name":"Carte des kin\u00e9s d&rsquo;Aywaille"}]},{"@type":"WebSite","@id":"https:\/\/www.kineaywaille.be\/#website","url":"https:\/\/www.kineaywaille.be\/","name":"Les kin\u00e9sith\u00e9rapeutes d&#039;Aywaille","description":"Des professionnels de la sant\u00e9 \u00e0 votre service","potentialAction":[{"@type":"SearchAction","target":{"@type":"EntryPoint","urlTemplate":"https:\/\/www.kineaywaille.be\/?s={search_term_string}"},"query-input":"required name=search_term_string"}],"inLanguage":"fr-FR"}]}},"jetpack_sharing_enabled":true,"jetpack_shortlink":"https:\/\/wp.me\/P8kv26-28","jetpack-related-posts":[{"id":9,"url":"https:\/\/www.kineaywaille.be\/","url_meta":{"origin":132,"position":0},"title":"Accueil","date":"24 janvier 2017","format":false,"excerpt":"Nous sommes kin\u00e9sith\u00e9rapeutes ind\u00e9pendants, hors syst\u00e8me des maisons m\u00e9dicales, et nous sommes \u00e0 votre disposition sur toute la commune d'Aywaille et environs. Nos valeurs sont\u00a0: la libert\u00e9 du choix de son th\u00e9rapeute, fournir une kin\u00e9sith\u00e9rapie de qualit\u00e9, le souci et le respect de notre patient, le travail en \u00abconfiance\u00a0\u00bb avec\u2026","rel":"","context":"Article similaire","img":{"alt_text":"","src":"","width":0,"height":0},"classes":[]},{"id":361,"url":"https:\/\/www.kineaywaille.be\/index.php\/morgane-carvalho\/","url_meta":{"origin":132,"position":1},"title":"Morgane CARVALHO","date":"6 f\u00e9vrier 2021","format":false,"excerpt":"SPECIALISATIONS EN KINESITHERAPIE:\u00a0 Kin\u00e9sith\u00e9rapie g\u00e9n\u00e9rale,\u00a0 Kin\u00e9sith\u00e9rapie respiratoire (Drainage autog\u00e8ne),\u00a0 AUTRES COMPETENCES: En 2e ann\u00e9e de th\u00e9rapie manuelle orthop\u00e9dique PRISE EN CHARGE: \u00a0Au\u00a0Cabinet et \u00e0 Domicile (Communes d'Aywaille et Sprimont) CONTACT: GSM: +32(0)472\/48.98.85 Email: morganecarvalhokine@gmail.com HORAIRES: \u00a0Sur rendez-vous Adresse du cabinet:\u00a0 Havelange, 18 - 4920 Harz\u00e9","rel":"","context":"Article similaire","img":{"alt_text":"","src":"","width":0,"height":0},"classes":[]},{"id":47,"url":"https:\/\/www.kineaywaille.be\/index.php\/liste-kines-a-aywaille\/","url_meta":{"origin":132,"position":2},"title":"Liste des kin\u00e9s Aywaille","date":"24 janvier 2017","format":false,"excerpt":"Liste des kin\u00e9sith\u00e9rapeutes actifs dans les environs d'Aywaille, class\u00e9s par ordre alphab\u00e9tique.","rel":"","context":"Article similaire","img":{"alt_text":"","src":"","width":0,"height":0},"classes":[]},{"id":236,"url":"https:\/\/www.kineaywaille.be\/index.php\/charles-laval\/","url_meta":{"origin":132,"position":3},"title":"Charles LAVAL","date":"24 f\u00e9vrier 2017","format":false,"excerpt":"SPECIALISATIONS EN KINESITHERAPIE:\u00a0 Kin\u00e9sith\u00e9rapie g\u00e9n\u00e9rale, Post-op\u00e9ratoire, Pathologies chroniques et sportives, Osth\u00e9opathie, Ondes de choc. AUTRES COMPETENCES: \u00a0Prise en charge clinique du coureur \u00e0 pied d\u00e9butant et exp\u00e9riment\u00e9 selon la m\u00e9thodologie de la \u00a8Clinique du coureur\u00a8 PRISE EN CHARGE: \u00a0Au\u00a0Cabinet et \u00e0 Domicile CONTACT: T\u00e9l.: +32(0)4-384.79.95 GSM: +32(0)495\/18.23.38 Email: charleslaval8@gmail.com Web:\u00a0charleslaval.com\u2026","rel":"","context":"Article similaire","img":{"alt_text":"","src":"","width":0,"height":0},"classes":[]},{"id":340,"url":"https:\/\/www.kineaywaille.be\/index.php\/laura-defosse\/","url_meta":{"origin":132,"position":4},"title":"Laura DEFOSS\u00c9","date":"17 avril 2017","format":false,"excerpt":"SPECIALISATIONS EN KINESITHERAPIE:\u00a0 Kin\u00e9sith\u00e9rapie g\u00e9n\u00e9rale,\u00a0 Sp\u00e9cialisation en LPG (traitement des cicatrices et des probl\u00e8mes vasculaires). PRISE EN CHARGE: \u00a0Au\u00a0Cabinet\u00a0 CONTACT: GSM: +32(0)473\/39.79.46 Email: lauradefosse@hotmail.com HORAIRES: \u00a0Sur rendez-vous. Adresse du cabinet: \u00a0Avenue Louis Libert, 26 - 4920 Aywaille","rel":"","context":"Article similaire","img":{"alt_text":"","src":"","width":0,"height":0},"classes":[]},{"id":210,"url":"https:\/\/www.kineaywaille.be\/index.php\/bottin-sandrine\/","url_meta":{"origin":132,"position":5},"title":"Sandrine BOTTIN","date":"24 f\u00e9vrier 2017","format":false,"excerpt":"SPECIALISATIONS EN KINESITHERAPIE:\u00a0 Kin\u00e9sith\u00e9rapie g\u00e9n\u00e9rale et sportive, Cha\u00eenes musculaires, Drainage lymphatique, Kin\u00e9sith\u00e9rapie respiratoire, Endermologie. PRISE EN CHARGE: \u00a0Au\u00a0Cabinet et \u00e0 Domicile CONTACT: T\u00e9l. +32(0)4-384.76.83 HORAIRES: \u00a0Sur rendez-vous Adresse du cabinet: \u00a0Rue des Ardennes, 98 - 4920 Harz\u00e9","rel":"","context":"Article similaire","img":{"alt_text":"","src":"","width":0,"height":0},"classes":[]}],"_links":{"self":[{"href":"https:\/\/www.kineaywaille.be\/index.php\/wp-json\/wp\/v2\/pages\/132","targetHints":{"allow":["GET"]}}],"collection":[{"href":"https:\/\/www.kineaywaille.be\/index.php\/wp-json\/wp\/v2\/pages"}],"about":[{"href":"https:\/\/www.kineaywaille.be\/index.php\/wp-json\/wp\/v2\/types\/page"}],"author":[{"embeddable":true,"href":"https:\/\/www.kineaywaille.be\/index.php\/wp-json\/wp\/v2\/users\/3"}],"replies":[{"embeddable":true,"href":"https:\/\/www.kineaywaille.be\/index.php\/wp-json\/wp\/v2\/comments?post=132"}],"version-history":[{"count":8,"href":"https:\/\/www.kineaywaille.be\/index.php\/wp-json\/wp\/v2\/pages\/132\/revisions"}],"predecessor-version":[{"id":323,"href":"https:\/\/www.kineaywaille.be\/index.php\/wp-json\/wp\/v2\/pages\/132\/revisions\/323"}],"wp:attachment":[{"href":"https:\/\/www.kineaywaille.be\/index.php\/wp-json\/wp\/v2\/media?parent=132"}],"curies":[{"name":"wp","href":"https:\/\/api.w.org\/{rel}","templated":true}]}}